 - 13. List the prime factors of y(-10).
7, 11
Let m = 1556 + -3536. What are the prime factors of 20/(-6)*m/100?
2, 3, 11
Let n = 4085 + -3117. List the prime factors of n.
2, 11
Suppose 0 = 2*a - 4 - 0. Let d(t) = t**2 + 2*t**2 - 3 - 6 - a*t**2 + 3*t. List the prime factors of d(-7).
19
Let x(h) = -h**3 + 12*h**2 - 20*h + 6. Let l be x(10). Let d be (l - -2)*1/(-2). Let z(a) = 4*a**2 + 12. What are the prime factors of z(d)?
2, 19
Let k(z) = -z**2 + 8*z - 11. Let y be k(3). Suppose -2*m + 2 = -3*f - 3, 3*m - f = 25. Suppose -y*j + m = j. What are the prime factors of j?
2
Let d = 15 - 22. Let b(l) = -1 + 16*l - 38*l + 20*l + 4. List the prime factors of b(d).
17
Suppose -s + 119 = 38. Let h = 22 - -25. Let y = s - h. List the prime factors of y.
2, 17
Suppose 198 = 5*g - 2*g. Suppose z - 2*z - g = 0. Let w = z + 97. List the prime factors of w.
31
What are the prime factors of 2368/7 + (-2)/7?
2, 13
Let a be 2 + -2 - (9 - 12). Suppose 2*k - s - 54 = 0, -7*k = -3*k + a*s - 118. What are the prime factors of k?
2, 7
Let f(k) = k**2 + k - 1. Let v(s) be the second derivative of 7*s**4/12 - s**3/6 + 5*s**2/2 - s. Let q(t) = -5*f(t) + v(t). What are the prime factors of q(4)?
2, 3
Let v(g) = -84*g**3 + 3*g + 2. Suppose -3*b - 4*f = -17, 2*b - 2*f = -7*f + 23. What are the prime factors of v(b)?
83
Let y be ((-24)/9)/(-4)*-90. Let o = y - -136. Suppose o = 4*g - 0*g - v, 38 = 2*g + 3*v. What are the prime factors of g?
19
Let p(b) = -b + 15. Let a be p(11). Suppose 57 + 47 = a*o. What are the prime factors of o?
2, 13
Suppose -4*j + 31 - 2 = -5*m, -j + 3 = 3*m. Suppose -j*u - 77 + 353 = 0. List the prime factors of 20/(-4)*u/(-5).
2, 23
Let d(y) = 5*y**2 - 60*y + 18. List the prime factors of d(-11).
1283
Let j(f) = f**3 + 28*f**2 + 65*f + 90. List the prime factors of j(-23).
2, 5, 31
Let i = -14 - -16. Suppose 100 = -0*j + 3*j + c, j + i*c - 40 = 0. What are the prime factors of j?
2
Let t(c) = c + 5. Let v be t(-3). Suppose -3*x = 0, v*u - 64 = -3*x - 0*x. What are the prime factors of u?
2
Let i be (-63)/42*4/(-3). Suppose 0 = 3*a - 3*r - 474 - 117, i*r = a - 195. List the prime factors of a.
199
Suppose -2*r + 9*r - 756 = 0. Let g = -76 + r. What are the prime factors of g?
2
Suppose 0 = -0*s - 11*s + 4235. Suppose -h + 136 = h - 4*w, -5*h = -w - s. List the prime factors of h.
2, 3, 13
Let z(k) = 73*k - 295. List the prime factors of z(5).
2, 5, 7
Let j(d) = d**3 - 2*d**2 + 5*d - 1. Let b be j(4). Let m = b - 21. List the prime factors of 2/(-1) - (-1 - m).
29
Suppose -5*x = g - 412, -2*g + 0*g = 3*x - 810. List the prime factors of g.
2, 3, 67
Let a(m) = -m**2 - 22*m - 28. Suppose -l - 47 = 3*q, 5*q - 3*l + 55 = -0*l. What are the prime factors of a(q)?
2, 3, 7
Let j(f) = -f**2 + 6*f + 10. Let l be j(7). Let w(g) = 12 - g**3 + g**l + 0*g**2 + g**3 + g**2. List the prime factors of w(0).
2, 3
Suppose -l - l = -148. Let k = -151 + 151. Suppose k = a + 10 - l. List the prime factors of a.
2
Suppose 6 = 3*j - 5*j. Let t = 587 - 739. List the prime factors of (1 - t/(-12))*j.
5, 7
Let x = 223 - 113. What are the prime factors of x?
2, 5, 11
List the prime factors of ((-66)/44)/(4/(-19088)*3).
2, 1193
Let q be 30/(2 - 33/12). Let r = q + 165. What are the prime factors of r?
5
Let r(l) = 2*l**2 + 2*l + 679. What are the prime factors of r(41)?
7, 19, 31
Let i(q) = 5*q + 26. Let d be i(-5). List the prime factors of -1*114/(-3)*d.
2, 19
Let v(c) = -c**3 + 5*c**2 + 7*c - 3. Let f be v(6). Suppose f*x - 8*x = -310. List the prime factors of x.
2, 31
Let y(g) = -161*g - 36. What are the prime factors of y(-3)?
3, 149
Let r = -13 + 12. Let c be 6 + 0/(r - 1). Suppose h = -c + 42. List the prime factors of h.
2, 3
Let d(r) = 24 - 2*r - 6*r + 3*r + 2. What are the prime factors of d(-12)?
2, 43
Let i = -178 - -181. Let f be -5*(-1 - 0)*1. Suppose t = -f*o - 1, 0*t + 67 = i*t + o. List the prime factors of t.
2, 3
Suppose -3 = -p, 2*z - 201 - 566 = p. What are the prime factors of z?
5, 7, 11
Suppose 0 = -2*l + 2*k, -2*k = -3*l - 0*k + 4. Suppose z - 4 - 1 = 0. Suppose -l*u = -z*m + 82, -2 + 33 = 2*m - u. List the prime factors of m.
2, 7
Let u = 1972 + -793. What are the prime factors of u?
3, 131
Suppose 3*w = -4*n + 3622 + 874, 2246 = 2*n + w. List the prime factors of n.
19, 59
Suppose 3*b - 15 = -3. Suppose 40 = 2*g - b*g. Let z = g - -69. List the prime factors of z.
7
Let z(k) be the second derivative of -k**4/12 + 5*k**3/3 + 4*k**2 - 26*k. Let o be (-1 + 0/(-1))*-7. List the prime factors of z(o).
29
Let w(m) = -m**3 - 3*m**2 - 3*m - 2. Let d be w(-2). Let p(i) = 3*i**3 - i**2 + d*i**3 - 13 - 4*i**3 - 8*i**2 - 2*i. List the prime factors of p(-9).
5
Suppose -3*v + 9 = -4*v. Let x = -9 - v. Suppose 0 = 3*i - x*i - 18. What are the prime factors of i?
2, 3
What are the prime factors of 647715/232 - (-2)/16?
2, 349
Let b = -61 + 28. Let g = -4 - b. List the prime factors of g.
29
Suppose -h - 3 + 8 = 0. Suppose -6 = h*t - 56. What are the prime factors of t - (0 - 1) - 3?
2
Suppose -9 = 11*r - 8*r. What are the prime factors of (-1 - -3) + r - (-2 - 99)?
2, 5
Suppose g - 9 = -t, g - 5*t + 21 = -0*t. What are the prime factors of -4*2/g + 19?
17
Suppose 12*y - 26705 - 27871 = 0. What are the prime factors of y?
2, 3, 379
Suppose 171 = n - 3*z, -4*n - 5*z - 150 + 868 = 0. Let y = n - 96. What are the prime factors of y?
3
Let m be (3/(-5))/(6/(-20)). Suppose -4*s = 5*g - 451, 5*g - 344 + m = -3*s. What are the prime factors of s?
109
Let b be 53 - (2 + -6)/(-4). Suppose 3*j + 14 = 4*l, 3*l - j = -2*j + 4. Suppose -l*m = -4*m + b. List the prime factors of m.
2, 13
What are the prime factors of (-12)/21 + (-10314)/(-42) + 0?
5, 7
Suppose 207 = -0*x + 9*x. Let c = 40 + x. What are the prime factors of c?
3, 7
Let r(k) = 15*k + 7. Let z be r(7). What are the prime factors of (-2)/11 + z/11?
2, 5
Suppose -2*x = 0, 285 = y + 2*x - 3888. List the prime factors of y.
3, 13, 107
Let p = 25 - 22. Suppose 3*c - p*m + 7*m - 113 = 0, 2*m = 10. What are the prime factors of c?
31
Let j(f) = -4*f**3 + 2*f**2 + 5*f + 5. Let i be j(-2). Let y = i + 14. List the prime factors of y.
7
Suppose 0 = 2*n + 23*n - 25500. What are the prime factors of n?
2, 3, 5, 17
Let g be (0 + 0)/((-6)/(-3)). Suppose 3*a = 4*y + 8, g*y = 3*y + a - 7. Let b(q) = 22*q**2 - 1. What are the prime factors of b(y)?
3, 7
Let v(n) = 9*n - 4. Suppose c + 5*h = 4*h, -2*c - 6 = 4*h. Suppose c*t - 12 = t. List the prime factors of v(t).
2, 5
Let h = -15 + 48. Suppose 5*z - h - 37 = 0. List the prime factors of z.
2, 7
Suppose -4*t + 22706 = -2*n, -3*t - 369*n + 17012 = -367*n. List the prime factors of t.
2, 2837
Suppose -p + 5*q = -6*p - 115, 2*p = 2*q - 58. Let y = p + 24. Let g = 14 + y. What are the prime factors of g?
2, 3
Suppose 245 = 8*n - 3. Suppose -x + n = -29. What are the prime factors of x?
2, 3, 5
Suppose 3*o - 2*j - 35 = 0, 37 = -o + 4*o - j. Suppose 2*a - o = 95. What are the prime factors of a?
2, 3
Suppose 67*t = 70*t. Suppose u - 2*z - 179 = t, 4*z - 139 = 5*u - 1064. What are the prime factors of u?
3, 7
Suppose -11*k = -15*k - 16. List the prime factors of 2/k - (108/(-8) - 2).
3, 5
Suppose 1 - 4 = 3*g. Let h(z) = 111*z**2 - z. Let x be h(g). Suppose -6*b = -10*b + x. What are the prime factors of b?
2, 7
Suppose 135 = m - 4*m. Let z be (m - 1)*(-7)/14. List the prime factors of (1 + z)*(-9 - -11).
2, 3
Suppose 4*m + p - 779 = 739, 0 = 4*p + 8. List the prime factors of m.
2, 5, 19
Let x(b) = 3*b**3 + b - b**3 - 2 - 3*b**2 - 3*b. Let a = -60 - -63. What are the prime factors of x(a)?
19
Suppose -7*h + 12*h - 445 = 0. Suppose -o - 19 = -h. List the prime factors of o.
2, 5, 7
Suppose 20*q = 2*q + 73476. List the prime factors of q.
2, 13, 157
Let d = 87 - 76. Let z = 212 - d. What are the prime factors of z?
3, 67
Let j(v) = -3*v - 1. Let o be j(-9). Suppose 2*a + 3*a = -3*h + o, -3*a + 6 = -3*h. Suppose 22 + 2 = a*c. What are the prime factors of c?
2, 3
Let n be -4 - (-12 - (-1 + -3)). Let m(c) = 3*c + 1. List the prime factors of m(n).
13
Let h be (15/9)/((-1)/(-21)). What are the prime factors of 1456/h - 2/(-5)?
2, 3, 7
Suppose -2*a - 3*a - 15 = 0. What are the prime factors of (-3)/(a/(-1))*73*-1?
73
Let p = -264 - -381. List the prime factors of p.
3, 13
Let b be 40/(